4). Let b(q) = -q + 15. What is the units digit of b(u)?
7
Let s(l) = -37*l**2 - 4*l + 3. Let n be s(1). Let k = n + 97. What is the units digit of k?
9
Suppose 0 = 4*u - 9 - 19. Suppose 406 = u*x + 14. What is the tens digit of x?
5
Suppose -2 = -2*u, 3*l + 6 = -2*u + 32. Let m = l + -5. Let f = 11 + m. What is the tens digit of f?
1
Let m = -11 - -14. Let s be 8 - 2 - 1*m. What is the units digit of s - ((6 - 3) + -31)?
1
Let j(n) be the second derivative of -8*n**3/3 - 13*n**2/2 - 14*n. What is the units digit of j(-12)?
9
Suppose -b + 41 = -4*w, -w - 4*b - 16 = 3*w. Let l = -5 - w. Suppose q - 176 = -l*q - c, -3*q + 2*c + 116 = 0. What is the units digit of q?
6
Suppose 5*j - 712 = 313. What is the hundreds digit of j?
2
Suppose 21 + 164 = -5*o. What is the units digit of (3 - 2)/((-1)/o)?
7
Let s be (654/4)/((-21)/(-28)). Suppose p + 4*n = -4*p + s, 3*p + 3*n = 132. Suppose 2*j + 4*t = p, j + 2*t - 6*t = -3. What is the units digit of j?
3
Suppose -k + 14267 = 10*k. What is the tens digit of k?
9
Let m = 138 + -115. What is the units digit of m?
3
Let o(q) = -q + 1. Let r(g) be the third derivative of g**4/8 + g**3/2 + 4*g**2. Let v(z) = 2*o(z) + r(z). What is the tens digit of v(5)?
1
Suppose 0 = 4*n - 5*x + 333, -n + 4*x - 162 = n. What is the tens digit of (58/n)/(-1*2/186)?
6
Let w(d) = -4*d**3 - d**2 + 31*d + 320. What is the thousands digit of w(-10)?
3
Let q = -17 - -1. What is the units digit of 12/q - (-431)/4?
7
Suppose -z - 4*w + 707 = -559, 0 = -3*w - 6. What is the tens digit of z?
7
Let i be ((-2)/4 - (-45)/(-30)) + -3. Let r(m) = 1 - 1 + 2*m**2 - 2. What is the tens digit of r(i)?
4
Suppose -r - 585 = -3*x - x, -580 = -4*x - 4*r. Suppose -49 = -5*p + x. What is the units digit of p?
9
Suppose -5*o - 2533 = -2*t, -5*o = -5*t + 6*t - 1229. What is the tens digit of t?
5
Let s = 399 - 147. Let a = -180 + s. What is the tens digit of a?
7
Suppose -5*t + 492 = 5*v - 68, t - 572 = -5*v. Let h = 219 - v. What is the hundreds digit of h?
1
Suppose -s + 0*i + 3 = i, -2 = i. Let v be 1/1 - 70/s. Let l = -8 - v. What is the units digit of l?
5
What is the hundreds digit of (-96)/12*(-94)/4?
1
Let n be 528/55 + 6/(-10). What is the units digit of (n - -43)/(4 - 2)?
6
Suppose 1194*k = 1203*k - 23085. What is the units digit of k?
5
Suppose -4*n = -5*v - 4, 0 = v + 4*n - 4. Suppose v = 4*h + 4*h - 1664. What is the units digit of h?
8
Let u(b) = -548*b + 9. What is the tens digit of u(-1)?
5
Let f(c) = c**2 - 2*c - 5. Let z be f(4). Let k = z - -49. What is the tens digit of k?
5
Suppose 5*y + 4*j - 5 - 86 = 0, 3*y = -5*j + 52. Let b = 39 + y. What is the tens digit of b?
5
Let c be 6/4 + (-230)/(-4). Suppose -5*p + c + 56 = 0. Suppose 4*z + p - 65 = -2*o, 4*z = 4. What is the units digit of o?
9
What is the tens digit of 45/1 - (-1 + 0)*2?
4
Suppose s = 3*s - 6. Suppose s + 7 = 5*f. Suppose -7*m + 90 = -f*m. What is the units digit of m?
8
Let c = -38 - -115. Let v = c - 68. What is the units digit of v?
9
Let q(o) = o**3 - 22*o**2 - o + 22. Let d be q(22). Suppose -m + 4 + 17 = d. What is the units digit of m?
1
Let o be (2304/(-54))/((-1)/3). Let g = o + -89. What is the tens digit of g?
3
Suppose -31*m + 19*m = 4608. Let v = m - -609. What is the tens digit of v?
2
Suppose 3*f + 45 = 6*f. Suppose -z - 47 = -4*b, b + 3*z - f = -0*b. Suppose -b*o + 11*o = -40. What is the units digit of o?
0
Let g be 22/18 - 2 - (-8)/(-36). What is the units digit of (0 + g/3)*-18?
6
Let i = 2507 - 1790. What is the units digit of i?
7
Let u(o) = o**3 + 9*o**2 + 6*o - 11. Let j be u(-8). Suppose -5*x - j*m + 380 = 0, 2*x - x - 67 = 2*m. What is the tens digit of x?
7
Suppose 0 = -4*z + 292 + 1248. Suppose -3*x = -f + 85, -4*f + 3*x + z = -0*f. What is the units digit of f?
0
Suppose -8 = 3*x - x. What is the units digit of x - (3 + (-42 - -3))?
2
Suppose -2*w + i = 4*i - 158, 4*w - 312 = -5*i. What is the tens digit of w?
7
What is the hundreds digit of 39054/184*(0 - -1 - -3)?
8
Let y = -450 + 2922. What is the tens digit of y?
7
Suppose 0 + 0 = -9*o. Suppose 5*q - 86 - 19 = o. What is the tens digit of q?
2
Suppose z = 2*o - 0*z - 54, 0 = -2*z - 8. Let a = -44 + o. Let h = 22 + a. What is the units digit of h?
3
Suppose -7*t = -172 + 25. Suppose f + t = 2*f. What is the tens digit of f?
2
Suppose -3*y + 5*c = -10436, -27 = -4*c - 7. What is the units digit of y?
7
Let f(n) = -n**3 - 14*n**2 + 2*n + 20. Let h be f(-14). Let c = h + 5. What is the units digit of (2/c)/((-12)/162)?
9
Let q = 163 - -372. What is the units digit of q/10 - (-3)/(-6)?
3
Let o = -438 + 623. What is the hundreds digit of o?
1
Let a = 3 - 1. Suppose f - a*m = -18, 8*f + 4*m + 76 = 3*f. Let v = -10 - f. What is the units digit of v?
6
Suppose 268 + 1968 = 13*y. Suppose 0 = -29*o + 28*o + y. What is the hundreds digit of o?
1
What is the units digit of (1 + -183)/((-33)/66)?
4
Let v be 2*4/24*0. Suppose v = 5*x - 16 + 6. Suppose 0 = d - x*d + 32. What is the units digit of d?
2
What is the units digit of (-3)/(-5) + (-15)/(675/(-1638))?
7
Let t(i) = -i**2 - 12*i - 13. Let j be t(-11). Let n(f) = -20*f + 5. What is the units digit of n(j)?
5
Let o be 3/(12/(-8)) + -27. Suppose 2*c - 26 = 94. Let r = o + c. What is the units digit of r?
1
Let h(a) = 2*a**2 + 4*a - 10. Let d be ((-4)/(-6))/(2/(-21)). Let r be h(d). Let i = -30 + r. What is the units digit of i?
0
Let w be (-6)/(9/24*4). Let p(r) = 5*r**2 - r + 4. What is the tens digit of p(w)?
8
What is the thousands digit of -9*11/(-11) + 5416?
5
Let a(c) = -c**3 - c + 103. Let f(l) = l**3 - l**2 - 2*l. Let s be f(2). What is the hundreds digit of a(s)?
1
Suppose 0*u - 858 = 2*c - 2*u, 5*c = 3*u - 2135. What is the units digit of 15/10*c/(-12)?
3
Suppose -6*y + 5*y = -19. Suppose 7 = 2*w + y. What is the units digit of (-2)/((w/9)/2)?
6
Suppose 813 = 7*z - 244. What is the units digit of z?
1
Let z = -13 - -17. Suppose -z*s - 37 = -253. What is the units digit of s/(-2)*(-3 + 2)?
7
Let j = 81 - -1055. What is the tens digit of j?
3
Let j be 1*(3*4/4 + -1). Suppose -j*o = 3*o - 110. What is the tens digit of o?
2
Suppose 3*w + 2*n = 3 + 8, -4*n = 5*w - 19. Let h(c) = -2*c - 7. Let t be h(-5). Suppose -a - 1 = -2*m, t*a = 4*m - 0 + w. What is the units digit of m?
3
Let y(r) = -246*r - 597. What is the tens digit of y(-19)?
7
Let u be (-10 + 2)/((-28)/238). Suppose -3*l = -z - 174, l = z - 4*z + u. What is the units digit of l?
9
Let l(n) = -n + 4. Let g be l(-5). Let t be -4*g/(-12) - 1. Suppose -55 = -3*x + t*p, p = -0*x + x - 19. What is the tens digit of x?
1
Let j(x) be the third derivative of 5*x**4/24 + x**3 - 3*x**2. Let u be j(6). What is the units digit of 2*(u/8 + 1)?
1
Let q = 24 - 20. Suppose 4*l = 16, u + 219 = 6*u - q*l. Suppose 0 = 6*v - 7*v + u. What is the tens digit of v?
4
Suppose 31*r + 45296 = 69*r. What is the tens digit of r?
9
Let f = 3588 - 1075. What is the hundreds digit of f?
5
Suppose 4*w - 2 = -5*i, 3*w + 6 = 3*i - 6. Let j be 1*(1 - (w + 1)). What is the units digit of j*(-1 + (-29)/(-2))?
7
Let v(p) = 9*p**2 + 4*p - 9. Let w be v(-5). Suppose -2*d - 4*i - 66 = -3*d, -i + w = 4*d. What is the units digit of d?
0
Let c(g) = 13*g**2 + 37*g - 149. What is the hundreds digit of c(-14)?
8
Suppose -8*m + 643 = -20869. What is the units digit of m?
9
Suppose -3*h + h + 22 = -4*q, 4*h + 4*q = -4. Let z be (-2 + h)*(55 + 3). Let v = z + -41. What is the units digit of v?
7
What is the tens digit of 35698/286 - 1/(-11)*2?
2
Let j be -2 + (-9)/(-6)*-2. Let h be (-42)/j + (-8)/20. Suppose -2*l = -2*u - 24, -2*u = -3*l + h + 23. What is the units digit of l?
7
Let p = -39 - -108. Let c = p - 37. What is the units digit of c?
2
Suppose -2*k - 3*t + 2722 = 0, 0 = -4*k - 34*t + 35*t + 5472. What is the hundreds digit of k?
3
Let c(m) = -2*m**3 - 4*m**2 - 5*m - 5. Let g be c(-2). Suppose l + g = 8. Suppose 0 = -2*s - s + l*a + 84, -5*s - 3*a + 124 = 0. What is the units digit of s?
6
Suppose -1685 = -3*k + 631. What is the tens digit of k?
7
Suppose i + 2*d = -2*i + 779, 3*i + 5*d = 764. Let k = i - 91. What is the tens digit of k?
7
Suppose -19*n + 638 = -18*n. What is the tens digit of n?
3
What is the units digit of ((-3772)/(-10))/(16/80)?
6
Suppose 0 = 23*o - 22*o - r - 804, 3218 = 4*o - 2*r. What is the hu